are the prime factors of 588588663?
3, 13, 1217, 12401
List the prime factors of 178989888.
2, 3, 7, 11, 12107
What are the prime factors of 6602913435?
3, 5, 440194229
What are the prime factors of 360038715?
3, 5, 24002581
What are the prime factors of 2419395284?
2, 1201, 503621
What are the prime factors of 26537757?
3, 701, 12619
What are the prime factors of 439185038?
2, 17, 19, 83, 8191
What are the prime factors of 193638591?
3, 751, 28649
List the prime factors of 141916908.
2, 3, 7, 41, 89, 463
List the prime factors of 45038222.
2, 257, 87623
What are the prime factors of 464972018?
2, 7, 33212287
What are the prime factors of 96473716?
2, 19, 1269391
What are the prime factors of 25786055?
5, 787, 6553
What are the prime factors of 119757265?
5, 17, 179, 463
What are the prime factors of 1966583548?
2, 3313, 148399
What are the prime factors of 1286958455?
5, 53, 4856447
What are the prime factors of 30242716?
2, 7, 1080097
What are the prime factors of 1772474546?
2, 19, 46644067
What are the prime factors of 2693969396?
2, 17, 39617197
What are the prime factors of 268221622?
2, 173, 509, 1523
What are the prime factors of 70291517?
70291517
List the prime factors of 299871683.
829, 361727
What are the prime factors of 53480559?
3, 11, 353, 4591
List the prime factors of 3076758324.
2, 3, 28488503
What are the prime factors of 3367163956?
2, 13, 17, 523, 7283
List the prime factors of 28133634.
2, 3, 269, 17431
List the prime factors of 98885347.
11, 8989577
What are the prime factors of 3884121864?
2, 3, 7, 7706591
What are the prime factors of 86461123?
7, 1493, 8273
List the prime factors of 2013733701.
3, 7, 31964027
List the prime factors of 132088545.
3, 5, 2935301
List the prime factors of 109958082.
2, 3, 13, 29, 48611
List the prime factors of 1264306889.
1264306889
List the prime factors of 232567868.
2, 13, 61, 157, 467
List the prime factors of 46952037.
3, 11, 474263
List the prime factors of 36520110.
2, 3, 5, 11, 37, 997
List the prime factors of 1778781815.
5, 71, 277, 18089
List the prime factors of 4627967.
97, 47711
List the prime factors of 51424022.
2, 13, 71, 89, 313
List the prime factors of 26103719.
53, 492523
List the prime factors of 278300853.
3, 381757
What are the prime factors of 60800458?
2, 41, 741469
What are the prime factors of 883655403?
3, 31, 461, 20611
What are the prime factors of 1272958971?
3, 43, 1823, 5413
What are the prime factors of 662636224?
2, 10353691
What are the prime factors of 181127076?
2, 3, 13, 19, 53, 1153
List the prime factors of 2042788527.
3, 13, 17, 67, 15329
What are the prime factors of 1428479355?
3, 5, 2351, 40507
What are the prime factors of 140066495?
5, 709, 39511
What are the prime factors of 65913343?
97, 679519
List the prime factors of 439728111.
3, 199, 245521
List the prime factors of 24388893.
3, 2709877
What are the prime factors of 60230479?
241, 491, 509
List the prime factors of 2073410357.
2073410357
What are the prime factors of 59243281?
3433, 17257
List the prime factors of 160876822.
2, 80438411
What are the prime factors of 3419365298?
2, 1709682649
What are the prime factors of 640389828?
2, 3, 13, 23, 178481
What are the prime factors of 28776229?
71, 405299
List the prime factors of 256628546.
2, 173, 487, 1523
What are the prime factors of 119380236?
2, 3, 601, 16553
What are the prime factors of 172343455?
5, 491, 70201
List the prime factors of 86255620.
2, 5, 11, 17, 23063
List the prime factors of 291248847.
3, 43, 752581
List the prime factors of 482735381.
482735381
List the prime factors of 5415028.
2, 23, 71, 829
What are the prime factors of 30589819?
13, 2353063
What are the prime factors of 123118545?
3, 5, 11, 59, 12647
List the prime factors of 385090106.
2, 192545053
List the prime factors of 25501881.
3, 43, 197689
List the prime factors of 3307620894.
2, 3, 14957, 36857
What are the prime factors of 271223009?
271223009
List the prime factors of 153157671.
3, 29, 586811
List the prime factors of 1365748111.
7, 13, 15008221
What are the prime factors of 4490339077?
7, 2551, 35923
List the prime factors of 45433834.
2, 3359, 6763
List the prime factors of 232275117.
3, 77425039
What are the prime factors of 22394800?
2, 5, 55987
List the prime factors of 223289595.
3, 5, 1653997
What are the prime factors of 5038238931?
3, 11, 47, 823, 3947
What are the prime factors of 2845374059?
11, 53, 4880573
List the prime factors of 9319825.
5, 17, 21929
What are the prime factors of 92082859?
11, 29, 288661
What are the prime factors of 97880659?
5939, 16481
What are the prime factors of 2691983603?
101, 409, 65167
What are the prime factors of 6204783056?
2, 4621, 83921
What are the prime factors of 2693537257?
2693537257
List the prime factors of 2522065723.
241, 467, 22409
What are the prime factors of 5593556504?
2, 127, 661, 8329
List the prime factors of 13098362.
2, 23, 284747
List the prime factors of 1347129184.
2, 19, 2215673
List the prime factors of 18674595.
3, 5, 414991
List the prime factors of 104251584.
2, 3, 59, 9203
List the prime factors of 957137624.
2, 119642203
List the prime factors of 33527638.
2, 17, 47, 20981
What are the prime factors of 116318552?
2, 7, 296731
What are the prime factors of 276925359?
3, 17, 23, 307, 769
What are the prime factors of 335327927?
11, 109, 149, 1877
What are the prime factors of 422694812?
2, 281, 376063
List the prime factors of 2347633165.
5, 37, 103, 123203
What are the prime factors of 131555827?
13, 379, 26701
What are the prime factors of 17438378?
2, 53, 164513
What are the prime factors of 11654765?
5, 2330953
List the prime factors of 700484523.
3, 139, 197, 8527
List the prime factors of 425248716.
2, 3, 35437393
List the prime factors of 120612886.
2, 271, 222533
List the prime factors of 1751935568.
2, 1951, 56123
List the prime factors of 45045036.
2, 3, 17, 89, 827
What are the prime factors of 528287345?
5, 23, 29, 158407
What are the prime factors of 1551539667?
3, 83, 617, 10099
List the prime factors of 101817698.
2, 47, 1083167
List the prime factors of 47502652.
2, 61, 194683
What are the prime factors of 69601093?
211, 329863
List the prime factors of 44666217.
3, 241, 20593
List the prime factors of 22776822.
2, 3, 463, 911
What are the prime factors of 129585372?
2, 3, 7, 977, 1579
What are the prime factors of 301449724?
2, 1553, 48527
List the prime factors of 560296.
2, 11, 6367
What are the prime factors of 1899673630?
2, 5, 359, 529157
List the prime factors of 169803935.
5, 7, 4851541
List the prime factors of 81774737.
11, 2143, 3469
List the prime factors of 40532960.
2, 5, 13, 1499
What are the prime factors of 2105892158?
2, 30013, 35083
What are the prime factors of 68520915?
3, 5, 349, 4363
List the prime factors of 185548131.
3, 983, 6991
What are the prime factors of 58485421?
479, 122099
List the prime factors of 13653295.
5, 17, 160627
List the prime factors of 133546336.
2, 7, 11, 83, 653
List the prime factors of 2396265661.
73, 179, 183383
What are the prime factors of 1712420101?
7, 29, 1205081
What are the prime factors of 644144397?
3, 13, 2161, 7643
What are the prime factors of 2443612793?
17, 37, 3884917
List the prime factors of 23229274.
2, 967, 12011
What are the prime factors of 110698166?
2, 55349083
List the prime factors of 51984835.
5, 7, 212183
What are the prime factors of 3975475854?
2, 3, 7, 149, 635263
List the prime factors of 30458814.
2, 3, 151, 33619
What are the prime factors of 61109125?
5, 7, 11, 907
What are the prime factors of 1497137574?
2, 3, 23, 10848823
List the prime factors of 5021343619.
43, 116775433
What are the prime factors of 38122535?
5, 11, 693137
What are the prime factors of 88048654?
2, 44024327
List the prime factors of 54982202.
2, 11, 29, 86179
List the prime factors of 124334210.
2, 5, 7, 11, 13, 12421
What are the prime factors of 8043677?
571, 14087
List the prime factors of 108533107.
131, 173, 4789
What are the prime factors of 2146185199?
83, 25857653
List the prime factors of 809655455.
5, 7, 19, 83, 14669
List the prime factors of 478734005.
5, 95746801
What are the prime factors of 12542281?
101, 124181
What are the prime factors of 54307703?
54307703
What are the prime 